{"id":68605,"date":"2016-07-14T00:00:00","date_gmt":"2016-07-13T22:00:00","guid":{"rendered":"https:\/\/internetrepublica.com\/fotocasa\/equipo\/"},"modified":"2024-06-04T08:40:32","modified_gmt":"2024-06-04T06:40:32","slug":"equipo","status":"publish","type":"page","link":"https:\/\/internetrepublica.com\/blog\/equipo\/","title":{"rendered":"Qui\u00e9nes somos"},"content":{"rendered":"<div class=\"wpb-content-wrapper\"><p>[vc_row css_animation=&#8221;&#8221; row_type=&#8221;row&#8221; use_row_as_full_screen_section=&#8221;no&#8221; type=&#8221;full_width&#8221; angled_section=&#8221;no&#8221; text_align=&#8221;left&#8221; background_image_as_pattern=&#8221;without_pattern&#8221; css=&#8221;.vc_custom_1598445194746{padding-top: 130px !important;}&#8221; z_index=&#8221;&#8221;][vc_column][vc_row_inner row_type=&#8221;row&#8221; type=&#8221;grid&#8221; text_align=&#8221;left&#8221; css_animation=&#8221;&#8221;][vc_column_inner width=&#8221;1\/2&#8243;][vc_single_image image=&#8221;71346&#8243; img_size=&#8221;full&#8221; alignment=&#8221;right&#8221; qode_css_animation=&#8221;&#8221;][\/vc_column_inner][vc_column_inner width=&#8221;1\/2&#8243;][vc_column_text]Somos una <strong>agencia consultora de marketing digital<\/strong> que tiene como objetivo ayudar a las empresas a atraer m\u00e1s clientes para luego fidelizarlos. Nuestra misi\u00f3n es ayudarte a conseguir que tu marca sea visible y relevante en Internet.<\/p>\n<p style=\"text-align: left;\"><strong style=\"font-size: 30px; line-height: 45px; color: #c20c5f; margin-bottom: 20px;\">No creemos en las agencias 360\u00ba.<\/strong><\/p>\n<p>De hecho, si lo piensas fr\u00edamente te dar\u00e1s cuenta de que si giras 360\u00ba te quedar\u00e1s en el mismo lugar del que saliste.<\/p>\n<p>Por eso no trabajamos todas las \u00e1reas del marketing online, pero en las \u00e1reas que trabajamos lo hacemos siempre con un enfoque basado en datos.<\/p>\n<p>Somos el partner que est\u00e1s buscando para tus proyectos de:<\/p>\n<ul>\n<li><strong>Marketing de buscadores:<\/strong> SEO y SEM<\/li>\n<li><strong>Marketing de contenidos:<\/strong> para web, redes sociales o buscadores<\/li>\n<li><strong>Paid media:<\/strong> anuncios en Google Ads, YouTube, Facebook, Tik Tok e Instagram y publicidad program\u00e1tica<\/li>\n<li><strong>Redes sociales e Influencers<\/strong><\/li>\n<li><strong>Reputaci\u00f3n online:<\/strong> control y gesti\u00f3n de rese\u00f1as negativas.<\/li>\n<\/ul>\n<p>Y siempre teniendo en cuenta la anal\u00edtica web.<\/p>\n<p>Aunque somos expertos en crear dashboards o cuadros de control para visualizar mejor la informaci\u00f3n, no s\u00f3lo hacemos anal\u00edtica orientada a la visualizaci\u00f3n de datos, sino tambi\u00e9n, y de manera casi obsesiva, a la atribuci\u00f3n.[\/vc_column_text][\/vc_column_inner][\/vc_row_inner][vc_empty_space height=&#8221;50&#8243;][\/vc_column][\/vc_row][vc_row css_animation=&#8221;&#8221; row_type=&#8221;row&#8221; use_row_as_full_screen_section=&#8221;no&#8221; type=&#8221;full_width&#8221; angled_section=&#8221;no&#8221; text_align=&#8221;left&#8221; background_image_as_pattern=&#8221;without_pattern&#8221; css=&#8221;.vc_custom_1593601329061{padding-top: 50px !important;background-color: #f2f2f2 !important;}&#8221; z_index=&#8221;&#8221;][vc_column][vc_row_inner row_type=&#8221;row&#8221; type=&#8221;grid&#8221; text_align=&#8221;left&#8221; css_animation=&#8221;&#8221;][vc_column_inner][vc_column_text]<\/p>\n<h3 style=\"text-align: center;\"><strong>Queremos entender por d\u00f3nde llegan tus clientes y qu\u00e9 canales dentro de la estrategia de marketing online son m\u00e1s rentables en tu caso concreto.<\/strong><\/h3>\n<h3 style=\"text-align: center;\"><strong>Porque lo que no se mide no existe.<\/strong><\/h3>\n<p>[\/vc_column_text][\/vc_column_inner][\/vc_row_inner][vc_empty_space height=&#8221;50px&#8221;][\/vc_column][\/vc_row][vc_row css_animation=&#8221;&#8221; row_type=&#8221;row&#8221; use_row_as_full_screen_section=&#8221;no&#8221; type=&#8221;full_width&#8221; angled_section=&#8221;no&#8221; text_align=&#8221;left&#8221; background_image_as_pattern=&#8221;without_pattern&#8221; padding_top=&#8221;70&#8243; box_shadow_on_row=&#8221;no&#8221; css=&#8221;.vc_custom_1593003849248{padding-top: 30px !important;}&#8221; z_index=&#8221;&#8221;][vc_column css=&#8221;.vc_custom_1593004343731{padding-bottom: 50px !important;}&#8221;][vc_column_text]<\/p>\n<h2 style=\"text-align: center; font-size: 45px;\"><span style=\"color: #ff6700;\">El equipo<\/span><\/h2>\n<p>[\/vc_column_text][vc_empty_space height=&#8221;30&#8243;][vc_column_text css=&#8221;.vc_custom_1593601382071{padding-right: 25% !important;padding-left: 25% !important;}&#8221;]<\/p>\n<p style=\"text-align: center; font-size: 20px;\"><strong>El equipo de Internet Rep\u00fablica est\u00e1 formado por consultores SEO y SEM, especialistas en social media y contenidos, creativos, dise\u00f1adores gr\u00e1ficos y desarrolladores.<\/strong><\/p>\n<p style=\"text-align: center; font-size: 20px;\"><strong>Un equipo diverso y altamente cualificado que trabaja de manera integrada para ofrecer las mejores soluciones a nuestros clientes. Ni m\u00e1s ni menos.<\/strong><\/p>\n<p>[\/vc_column_text][vc_empty_space height=&#8221;60&#8243;][\/vc_column][\/vc_row][vc_row css_animation=&#8221;&#8221; row_type=&#8221;row&#8221; use_row_as_full_screen_section=&#8221;no&#8221; type=&#8221;full_width&#8221; angled_section=&#8221;no&#8221; text_align=&#8221;left&#8221; background_image_as_pattern=&#8221;without_pattern&#8221; el_class=&#8221;back_ismael&#8221; css=&#8221;.vc_custom_1593004739988{background-position: center !important;background-repeat: no-repeat !important;background-size: contain !important;}&#8221; z_index=&#8221;&#8221;][vc_column css=&#8221;.vc_custom_1533625921616{background-position: center !important;background-repeat: no-repeat !important;background-size: cover !important;}&#8221;][vc_row_inner row_type=&#8221;row&#8221; type=&#8221;grid&#8221; text_align=&#8221;left&#8221; css_animation=&#8221;&#8221;][vc_column_inner width=&#8221;1\/3&#8243;][vc_single_image image=&#8221;71336&#8243; img_size=&#8221;full&#8221; alignment=&#8221;right&#8221; qode_css_animation=&#8221;&#8221;][\/vc_column_inner][vc_column_inner width=&#8221;2\/3&#8243;][vc_column_text]<\/p>\n<h4><span style=\"color: #ff6700; font-size: 35px; line-height: 25px; text-transform: capitalize;\">Ismael El-Qudsi<\/span><\/h4>\n<p><span style=\"color: #999999;\">CEO de Internet Rep\u00fablica<\/span>[\/vc_column_text][vc_column_text]Es el fundador y CEO de Internet Rep\u00fablica desde 2011.<\/p>\n<p>Los tres a\u00f1os previos a la fundaci\u00f3n de Internet Rep\u00fablica desempe\u00f1\u00f3 el cargo de Director SEO y Social Media del grupo Havas. Anteriormente fue responsable en Espa\u00f1a de Bing, el buscador web de Microsoft, y jefe de proyecto de numerosos portales web en TPI-P\u00e1ginas Amarillas, incluido el buscador espa\u00f1ol Noxtrum.<\/p>\n<p>Ismael es<strong> profesor en el Master Internet Business (MIB) de ISDI, ESIC e Instituto de Empresa<\/strong>. Adem\u00e1s ha sido profesor invitado en la Universidad de Santo Domingo y en la plataforma online Platzi. \u00c9l mismo est\u00e1 ampliando sus conocimientos continuamente y ha sido alumno del International Digital Business Seminar (ISDI) en la Universidad de Harvard.<\/p>\n<p><strong>Ponente habitual en eventos internacionales<\/strong> relacionados con el marketing en Internet y buscadores, como Adtech Londres, Adtech New York, Digital Marketing World Forum New York (DMWF), Search Congress, etc., es tambi\u00e9n socio fundador de la Asociaci\u00f3n de Inversores y Emprendedores de Internet (AIEI)<\/p>\n<p><strong>Invitado habitual como experto en marketing<\/strong> de distintas cadenas de TV y radio, as\u00ed como en medios escritos como Cinco D\u00edas y Roastbrief.<\/p>\n<p>Es el \u00fanico espa\u00f1ol perteneciente al Forbes Agency Council (USA) donde escribe regularmente sobre buscadores o influencer marketing.[\/vc_column_text][\/vc_column_inner][\/vc_row_inner][\/vc_column][\/vc_row][vc_row css_animation=&#8221;&#8221; row_type=&#8221;row&#8221; use_row_as_full_screen_section=&#8221;no&#8221; type=&#8221;full_width&#8221; angled_section=&#8221;no&#8221; text_align=&#8221;left&#8221; background_image_as_pattern=&#8221;without_pattern&#8221;][vc_column][vc_empty_space height=&#8221;30px&#8221;][vc_row_inner row_type=&#8221;row&#8221; type=&#8221;grid&#8221; text_align=&#8221;left&#8221; css_animation=&#8221;&#8221;][vc_column_inner width=&#8221;1\/2&#8243;][vc_single_image image=&#8221;71263&#8243; img_size=&#8221;full&#8221; qode_css_animation=&#8221;&#8221; el_class=&#8221;img-team&#8221;][vc_column_text el_class=&#8221;name-team&#8221;]<\/p>\n<h4><span style=\"color: #ff6700;\">Tom\u00e1s Rufino<\/span><\/h4>\n<p><span style=\"color: #999999;\">Director de Desarrollo de Negocio<\/span>[\/vc_column_text][vc_column_text el_class=&#8221;text-team&#8221;]Es ingeniero inform\u00e1tico de Gesti\u00f3n y m\u00e1ster en el Desarrollo de Sistemas para el Comercio Electr\u00f3nico. Cuenta con m\u00e1s de 20 a\u00f1os de experiencia online y con experiencia SEO desde 2005.<\/p>\n<p>Ha sido Director del departamento SEO de Internet Rep\u00fablica, responsable del departamento SEO de Internet Advantage y responsable de SEO y reputaci\u00f3n on line en AIS, agencia creativa del grupo Havas Digital.<\/p>\n<p>Adem\u00e1s es profesor en diversos cursos y masters y ha realizado seminarios y workshops para prestigiosas empresas e instituciones.[\/vc_column_text][\/vc_column_inner][vc_column_inner width=&#8221;1\/2&#8243;][vc_single_image image=&#8221;71267&#8243; img_size=&#8221;full&#8221; qode_css_animation=&#8221;&#8221; el_class=&#8221;img-team&#8221;][vc_column_text el_class=&#8221;name-team&#8221;]<\/p>\n<h4><span style=\"color: #ff6700;\">Carlos Est\u00e9vez<\/span><\/h4>\n<p><span style=\"color: #999999;\">Director de Operaciones<\/span>[\/vc_column_text][vc_column_text el_class=&#8221;text-team&#8221;]Ingeniero Inform\u00e1tico de Gesti\u00f3n. Actualmente dirige los diferentes departamentos de Internet Rep\u00fablica gestionando un equipo de m\u00e1s de 50 personas que trabajan en los proyectos de Marketing Digital de m\u00e1s de 70 grandes clientes, entre los que destacan Mapfre, Hitachi, El Corte Ingl\u00e9s, ING, Sanitas, Verisure, Vodafone, Randstad o DIA.<\/p>\n<p>Adem\u00e1s es director del M\u00e1ster de Search Marketing de Internet Rep\u00fablica y profesor en diversos m\u00e1sters de Marketing Digital.[\/vc_column_text][\/vc_column_inner][\/vc_row_inner][\/vc_column][\/vc_row][vc_row css_animation=&#8221;&#8221; row_type=&#8221;row&#8221; use_row_as_full_screen_section=&#8221;no&#8221; type=&#8221;full_width&#8221; angled_section=&#8221;no&#8221; text_align=&#8221;left&#8221; background_image_as_pattern=&#8221;without_pattern&#8221;][vc_column][vc_empty_space height=&#8221;30px&#8221;][vc_row_inner row_type=&#8221;row&#8221; type=&#8221;grid&#8221; text_align=&#8221;left&#8221; css_animation=&#8221;&#8221;][vc_column_inner width=&#8221;1\/2&#8243;][vc_single_image image=&#8221;71259&#8243; img_size=&#8221;full&#8221; qode_css_animation=&#8221;&#8221; el_class=&#8221;img-team&#8221;][vc_column_text el_class=&#8221;name-team&#8221;]<\/p>\n<h4><span style=\"color: #ff6700;\">Loren Valero<\/span><\/h4>\n<p><span style=\"color: #999999;\">SEO Manager<\/span>[\/vc_column_text][vc_column_text el_class=&#8221;text-team&#8221;]Ingeniero inform\u00e1tico con m\u00e1s de 15 a\u00f1os de experiencia en el sector, actualmente es SEO Manager de El Corte Ingl\u00e9s, encargado de liderar las diferentes webs del grupo.<\/p>\n<p>Ha participado como responsable en proyectos para empresas de diferentes sectores, entre ellas Grupo Marina d\u2019Or, RTVE y Diario AS. Es docente en el M\u00e1ster de Search Marketing de Internet Rep\u00fablica y durante varios a\u00f1os ha sido profesor de varios cursos en la escuela de negocios IEBS.[\/vc_column_text][\/vc_column_inner][vc_column_inner width=&#8221;1\/2&#8243;][vc_single_image image=&#8221;71275&#8243; img_size=&#8221;full&#8221; qode_css_animation=&#8221;&#8221; el_class=&#8221;img-team&#8221;][vc_column_text el_class=&#8221;name-team&#8221;]<\/p>\n<h4><span style=\"color: #ff6700;\">Marta Romera<\/span><\/h4>\n<p><span style=\"color: #999999;\">SEO Manager<\/span>[\/vc_column_text][vc_column_text el_class=&#8221;text-team&#8221;]Embarcada en Search Marketing y en el mundo de agencias desde 2013, es consultora SEO en Internet Rep\u00fablica desde 2017. Lidera proyectos SEO de clientes como Consum, Hitachi u Orange, entre otros.<\/p>\n<p>Imparte formaci\u00f3n SEO en escuelas de negocios como IMF Business School y portales online como SEO Warriors. Adem\u00e1s, ha sido invitada como ponente en congresos SEO como Raiola301, SEOplus o EnsaladaSEO.[\/vc_column_text][\/vc_column_inner][\/vc_row_inner][\/vc_column][\/vc_row][vc_row css_animation=&#8221;&#8221; row_type=&#8221;row&#8221; use_row_as_full_screen_section=&#8221;no&#8221; type=&#8221;full_width&#8221; angled_section=&#8221;no&#8221; text_align=&#8221;left&#8221; background_image_as_pattern=&#8221;without_pattern&#8221;][vc_column][vc_empty_space height=&#8221;30px&#8221;][vc_row_inner row_type=&#8221;row&#8221; type=&#8221;grid&#8221; text_align=&#8221;left&#8221; css_animation=&#8221;&#8221;][vc_column_inner width=&#8221;1\/2&#8243;][vc_single_image image=&#8221;71287&#8243; img_size=&#8221;full&#8221; qode_css_animation=&#8221;&#8221; el_class=&#8221;img-team&#8221;][vc_column_text el_class=&#8221;name-team&#8221;]<\/p>\n<h4><span style=\"color: #ff6700;\">Agust\u00edn D\u00edaz<\/span><\/h4>\n<p><span style=\"color: #999999;\">SEO Manager<\/span>[\/vc_column_text][vc_column_text el_class=&#8221;text-team&#8221;]Ingeniero T\u00e9cnico en Inform\u00e1tica de Sistemas, licenciado en Investigaci\u00f3n y T\u00e9cnicas de Mercado y M\u00e1ster en gesti\u00f3n Comercial y Direcci\u00f3n de Marketing. Anteriormente ha trabajado en distintas agencias de marketing online como IDENTO o Se\u00f1or Mu\u00f1oz, planificando y ejecutando estrategias de posicionamiento web.<\/p>\n<p>En Internet Rep\u00fablica es consultor para cuentas como Orange o el Banco Santander, entre otras.[\/vc_column_text][\/vc_column_inner][vc_column_inner width=&#8221;1\/2&#8243;][vc_single_image image=&#8221;71291&#8243; img_size=&#8221;full&#8221; qode_css_animation=&#8221;&#8221; el_class=&#8221;img-team&#8221;][vc_column_text el_class=&#8221;name-team&#8221;]<\/p>\n<h4><span style=\"color: #ff6700;\">Laura L\u00f3pez<\/span><\/h4>\n<p><span style=\"color: #999999;\">SEO Manager<\/span>[\/vc_column_text][vc_column_text el_class=&#8221;text-team&#8221;]Se dedica al SEO desde el a\u00f1o 2012 y tras pasar por varias agencias digitales entr\u00f3 a formar parte del equipo de Internet Rep\u00fablica en 2015.<\/p>\n<p>Actualmente lidera uno de los equipos SEO de la agencia gestionando cuentas como Vodafone, DIA o Santaluc\u00eda, entre otros. Adem\u00e1s, imparte formaci\u00f3n digital en m\u00e1sters de escuelas de negocio como The Valley o IMF.[\/vc_column_text][\/vc_column_inner][\/vc_row_inner][\/vc_column][\/vc_row][vc_row css_animation=&#8221;&#8221; row_type=&#8221;row&#8221; use_row_as_full_screen_section=&#8221;no&#8221; type=&#8221;full_width&#8221; angled_section=&#8221;no&#8221; text_align=&#8221;left&#8221; background_image_as_pattern=&#8221;without_pattern&#8221;][vc_column][vc_empty_space height=&#8221;30px&#8221;][vc_row_inner row_type=&#8221;row&#8221; type=&#8221;grid&#8221; text_align=&#8221;left&#8221; css_animation=&#8221;&#8221;][vc_column_inner width=&#8221;1\/2&#8243;][vc_single_image image=&#8221;71296&#8243; img_size=&#8221;full&#8221; qode_css_animation=&#8221;&#8221; el_class=&#8221;img-team&#8221;][vc_column_text el_class=&#8221;name-team&#8221;]<\/p>\n<h4><span style=\"color: #ff6700;\">Rut Barquero<\/span><\/h4>\n<p><span style=\"color: #999999;\">Paid Media Manager<\/span>[\/vc_column_text][vc_column_text el_class=&#8221;text-team&#8221;]Soci\u00f3loga con m\u00e1s de 12 a\u00f1os de experiencia en grandes agencias en gesti\u00f3n y estrategia en canales como Facebook Ads, Google Adwords, Linkedin Ads, Bing, Twitter, etc.<\/p>\n<p>Ha gestionado cuentas como Ikea, Grupo BSH, Johnson &amp; Johnson, Ibercaja, Microsoft, Grupo Cortefiel, Thomson Reuters, Number 16, etc.[\/vc_column_text][\/vc_column_inner][vc_column_inner width=&#8221;1\/2&#8243;][\/vc_column_inner][\/vc_row_inner][\/vc_column][\/vc_row]<\/p>\n<\/div>","protected":false},"excerpt":{"rendered":"<p>[vc_row css_animation=&#8221;&#8221; row_type=&#8221;row&#8221; use_row_as_full_screen_section=&#8221;no&#8221; type=&#8221;full_width&#8221; angled_section=&#8221;no&#8221; text_align=&#8221;left&#8221; background_image_as_pattern=&#8221;without_pattern&#8221; css=&#8221;.vc_custom_1598445194746{padding-top: 130px !important;}&#8221; z_index=&#8221;&#8221;][vc_column][vc_row_inner row_type=&#8221;row&#8221; type=&#8221;grid&#8221; text_align=&#8221;left&#8221; css_animation=&#8221;&#8221;][vc_column_inner width=&#8221;1\/2&#8243;][vc_single_image image=&#8221;71346&#8243; img_size=&#8221;full&#8221; alignment=&#8221;right&#8221; qode_css_animation=&#8221;&#8221;][\/vc_column_inner][vc_column_inner width=&#8221;1\/2&#8243;][vc_column_text]Somos una agencia consultora&#8230;<\/p>\n","protected":false},"author":1,"featured_media":0,"parent":0,"menu_order":0,"comment_status":"open","ping_status":"closed","template":"full_width.php","meta":{"content-type":"","inline_featured_image":false,"footnotes":""},"class_list":["post-68605","page","type-page","status-publish","hentry"],"yoast_head":"<!-- This site is optimized with the Yoast SEO plugin v27.2 - https:\/\/yoast.com\/product\/yoast-seo-wordpress\/ -->\n<title>Nuestro equipo \u2013 Internet Rep\u00fablica<\/title>\n<meta name=\"description\" content=\"El equipo de Internet Rep\u00fablica est\u00e1 compuesto por marketinianos, publicitarios, ingenieros, periodistas, estad\u00edsticos, dise\u00f1adores\u2026 incluso alg\u00fan friki\u2026\" \/>\n<meta name=\"robots\" content=\"index, follow, max-snippet:-1, max-image-preview:large, max-video-preview:-1\" \/>\n<link rel=\"canonical\" href=\"https:\/\/internetrepublica.com\/blog\/equipo\/\" \/>\n<meta property=\"og:locale\" content=\"es_ES\" \/>\n<meta property=\"og:type\" content=\"article\" \/>\n<meta property=\"og:title\" content=\"Nuestro equipo \u2013 Internet Rep\u00fablica\" \/>\n<meta property=\"og:description\" content=\"El equipo de Internet Rep\u00fablica est\u00e1 compuesto por marketinianos, publicitarios, ingenieros, periodistas, estad\u00edsticos, dise\u00f1adores\u2026 incluso alg\u00fan friki\u2026\" \/>\n<meta property=\"og:url\" content=\"https:\/\/internetrepublica.com\/blog\/equipo\/\" \/>\n<meta property=\"og:site_name\" content=\"Internet Rep\u00fablica\" \/>\n<meta property=\"article:modified_time\" content=\"2024-06-04T06:40:32+00:00\" \/>\n<meta property=\"og:image\" content=\"https:\/\/internetrepublica.com\/blog\/wp-content\/uploads\/2022\/05\/destacado.jpg\" \/>\n\t<meta property=\"og:image:width\" content=\"489\" \/>\n\t<meta property=\"og:image:height\" content=\"299\" \/>\n\t<meta property=\"og:image:type\" content=\"image\/jpeg\" \/>\n<meta name=\"twitter:card\" content=\"summary_large_image\" \/>\n<meta name=\"twitter:label1\" content=\"Tiempo de lectura\" \/>\n\t<meta name=\"twitter:data1\" content=\"6 minutos\" \/>\n<script type=\"application\/ld+json\" class=\"yoast-schema-graph\">{\"@context\":\"https:\/\/schema.org\",\"@graph\":[{\"@type\":\"WebPage\",\"@id\":\"https:\/\/internetrepublica.com\/blog\/equipo\/\",\"url\":\"https:\/\/internetrepublica.com\/blog\/equipo\/\",\"name\":\"Nuestro equipo \u2013 Internet Rep\u00fablica\",\"isPartOf\":{\"@id\":\"https:\/\/internetrepublica.com\/blog\/#website\"},\"datePublished\":\"2016-07-13T22:00:00+00:00\",\"dateModified\":\"2024-06-04T06:40:32+00:00\",\"description\":\"El equipo de Internet Rep\u00fablica est\u00e1 compuesto por marketinianos, publicitarios, ingenieros, periodistas, estad\u00edsticos, dise\u00f1adores\u2026 incluso alg\u00fan friki\u2026\",\"breadcrumb\":{\"@id\":\"https:\/\/internetrepublica.com\/blog\/equipo\/#breadcrumb\"},\"inLanguage\":\"es\",\"potentialAction\":[{\"@type\":\"ReadAction\",\"target\":[\"https:\/\/internetrepublica.com\/blog\/equipo\/\"]}]},{\"@type\":\"BreadcrumbList\",\"@id\":\"https:\/\/internetrepublica.com\/blog\/equipo\/#breadcrumb\",\"itemListElement\":[{\"@type\":\"ListItem\",\"position\":1,\"name\":\"Agencia Marketing Digital\",\"item\":\"https:\/\/internetrepublica.com\/blog\/\"},{\"@type\":\"ListItem\",\"position\":2,\"name\":\"Qui\u00e9nes somos\",\"item\":\"https:\/\/internetrepublica.com\/blog\/equipo\/\"}]},{\"@type\":\"WebSite\",\"@id\":\"https:\/\/internetrepublica.com\/blog\/#website\",\"url\":\"https:\/\/internetrepublica.com\/blog\/\",\"name\":\"Internet Rep\u00fablica\",\"description\":\"Agencia SEO y Marketing Digital\",\"potentialAction\":[{\"@type\":\"SearchAction\",\"target\":{\"@type\":\"EntryPoint\",\"urlTemplate\":\"https:\/\/internetrepublica.com\/blog\/?s={search_term_string}\"},\"query-input\":{\"@type\":\"PropertyValueSpecification\",\"valueRequired\":true,\"valueName\":\"search_term_string\"}}],\"inLanguage\":\"es\"}]}<\/script>\n<!-- \/ Yoast SEO plugin. -->","yoast_head_json":{"title":"Nuestro equipo \u2013 Internet Rep\u00fablica","description":"El equipo de Internet Rep\u00fablica est\u00e1 compuesto por marketinianos, publicitarios, ingenieros, periodistas, estad\u00edsticos, dise\u00f1adores\u2026 incluso alg\u00fan friki\u2026","robots":{"index":"index","follow":"follow","max-snippet":"max-snippet:-1","max-image-preview":"max-image-preview:large","max-video-preview":"max-video-preview:-1"},"canonical":"https:\/\/internetrepublica.com\/blog\/equipo\/","og_locale":"es_ES","og_type":"article","og_title":"Nuestro equipo \u2013 Internet Rep\u00fablica","og_description":"El equipo de Internet Rep\u00fablica est\u00e1 compuesto por marketinianos, publicitarios, ingenieros, periodistas, estad\u00edsticos, dise\u00f1adores\u2026 incluso alg\u00fan friki\u2026","og_url":"https:\/\/internetrepublica.com\/blog\/equipo\/","og_site_name":"Internet Rep\u00fablica","article_modified_time":"2024-06-04T06:40:32+00:00","og_image":[{"width":489,"height":299,"url":"https:\/\/internetrepublica.com\/blog\/wp-content\/uploads\/2022\/05\/destacado.jpg","type":"image\/jpeg"}],"twitter_card":"summary_large_image","twitter_misc":{"Tiempo de lectura":"6 minutos"},"schema":{"@context":"https:\/\/schema.org","@graph":[{"@type":"WebPage","@id":"https:\/\/internetrepublica.com\/blog\/equipo\/","url":"https:\/\/internetrepublica.com\/blog\/equipo\/","name":"Nuestro equipo \u2013 Internet Rep\u00fablica","isPartOf":{"@id":"https:\/\/internetrepublica.com\/blog\/#website"},"datePublished":"2016-07-13T22:00:00+00:00","dateModified":"2024-06-04T06:40:32+00:00","description":"El equipo de Internet Rep\u00fablica est\u00e1 compuesto por marketinianos, publicitarios, ingenieros, periodistas, estad\u00edsticos, dise\u00f1adores\u2026 incluso alg\u00fan friki\u2026","breadcrumb":{"@id":"https:\/\/internetrepublica.com\/blog\/equipo\/#breadcrumb"},"inLanguage":"es","potentialAction":[{"@type":"ReadAction","target":["https:\/\/internetrepublica.com\/blog\/equipo\/"]}]},{"@type":"BreadcrumbList","@id":"https:\/\/internetrepublica.com\/blog\/equipo\/#breadcrumb","itemListElement":[{"@type":"ListItem","position":1,"name":"Agencia Marketing Digital","item":"https:\/\/internetrepublica.com\/blog\/"},{"@type":"ListItem","position":2,"name":"Qui\u00e9nes somos","item":"https:\/\/internetrepublica.com\/blog\/equipo\/"}]},{"@type":"WebSite","@id":"https:\/\/internetrepublica.com\/blog\/#website","url":"https:\/\/internetrepublica.com\/blog\/","name":"Internet Rep\u00fablica","description":"Agencia SEO y Marketing Digital","potentialAction":[{"@type":"SearchAction","target":{"@type":"EntryPoint","urlTemplate":"https:\/\/internetrepublica.com\/blog\/?s={search_term_string}"},"query-input":{"@type":"PropertyValueSpecification","valueRequired":true,"valueName":"search_term_string"}}],"inLanguage":"es"}]}},"_links":{"self":[{"href":"https:\/\/internetrepublica.com\/blog\/wp-json\/wp\/v2\/pages\/68605","targetHints":{"allow":["GET"]}}],"collection":[{"href":"https:\/\/internetrepublica.com\/blog\/wp-json\/wp\/v2\/pages"}],"about":[{"href":"https:\/\/internetrepublica.com\/blog\/wp-json\/wp\/v2\/types\/page"}],"author":[{"embeddable":true,"href":"https:\/\/internetrepublica.com\/blog\/wp-json\/wp\/v2\/users\/1"}],"replies":[{"embeddable":true,"href":"https:\/\/internetrepublica.com\/blog\/wp-json\/wp\/v2\/comments?post=68605"}],"version-history":[{"count":17,"href":"https:\/\/internetrepublica.com\/blog\/wp-json\/wp\/v2\/pages\/68605\/revisions"}],"predecessor-version":[{"id":71295,"href":"https:\/\/internetrepublica.com\/blog\/wp-json\/wp\/v2\/pages\/68605\/revisions\/71295"}],"wp:attachment":[{"href":"https:\/\/internetrepublica.com\/blog\/wp-json\/wp\/v2\/media?parent=68605"}],"curies":[{"name":"wp","href":"https:\/\/api.w.org\/{rel}","templated":true}]}}