{"id":65611,"date":"2018-05-21T17:47:40","date_gmt":"2018-05-21T15:47:40","guid":{"rendered":"https:\/\/internetrepublica.com\/?page_id=65611"},"modified":"2024-06-04T11:40:16","modified_gmt":"2024-06-04T09:40:16","slug":"politica-privacidad","status":"publish","type":"page","link":"https:\/\/internetrepublica.com\/blog\/politica-privacidad\/","title":{"rendered":"Pol\u00edtica de privacidad"},"content":{"rendered":"<ol>\n<li style=\"list-style-type: none;\">\n<ol>\n<li style=\"list-style-type: none;\">\n<ol>\n<li>Identificaci\u00f3n del responsable del tratamiento.<\/li>\n<li>Puntos esenciales de nuestra pol\u00edtica.<\/li>\n<li>\u00bfQu\u00e9 informaci\u00f3n recogeremos de ti?<\/li>\n<li>\u00bfC\u00f3mo usaremos tu informaci\u00f3n personal? \u00bfQu\u00e9 servicios te prestamos?<\/li>\n<li>Cesi\u00f3n de datos y transferencias internacionales.<\/li>\n<li>Ejercicio de tus derechos y Delegado de Protecci\u00f3n de Datos<\/li>\n<li>Periodos de retenci\u00f3n y Cookies<\/li>\n<li>Seguridad y confidencialidad<\/li>\n<li>Menores<\/li>\n<li>Actualizaci\u00f3n de la pol\u00edtica de privacidad<\/li>\n<\/ol>\n<\/li>\n<\/ol>\n<\/li>\n<\/ol>\n<p>&nbsp;<\/p>\n<p><strong>1. Identificaci\u00f3n del responsable del tratamiento.<\/strong><\/p>\n<p>&nbsp;<\/p>\n<p>Internet Rep\u00fablica, S.L. es la responsable del tratamiento de tus datos de car\u00e1cter personal a los efectos de prestarte los servicios identificados en el apartado 4 de la presente pol\u00edtica de privacidad\u00a0<span style=\"font-weight: 400;\">y la responsable del Sitio Web <\/span><a href=\"https:\/\/internetrepublica.com\"><span style=\"font-weight: 400;\">www.internetrepublica.com<\/span><\/a><span style=\"font-weight: 400;\"> (el \u201c<\/span><b>Sitio Web<\/b><span style=\"font-weight: 400;\">\u201d<\/span>)<b>. <\/b><\/p>\n<p>&nbsp;<\/p>\n<p>Internet Rep\u00fablica, S.L., es una sociedad domiciliada en la calle Alcal\u00e1, 21 \u2013 8\u00ba izquierda, 28014 de Madrid y su n\u00famero de CIF es el B86340262 (\u201cInternet Rep\u00fablica\u201d).<\/p>\n<p>&nbsp;<\/p>\n<p>En Internet Rep\u00fablica estamos comprometidos con el derecho fundamental a la protecci\u00f3n de tus datos personales y esta pol\u00edtica de privacidad tiene como finalidad informarte sobre tus derechos en virtud del Reglamento General de Protecci\u00f3n de Datos (\u201cRGPD\u201d).<\/p>\n<p>&nbsp;<\/p>\n<p>Te informamos de que Internet Rep\u00fablica cuenta con un Delegado de Protecci\u00f3n de Datos conforme al RGPD, que est\u00e1 a tu disposici\u00f3n para cualquier duda o consulta que quieras hacer en relaci\u00f3n con este asunto, y al que podr\u00e1s contactar desde <a href=\"mailto:dpo@internetrepublica.com\">aqu\u00ed<\/a>.<\/p>\n<p>&nbsp;<\/p>\n<p><strong>2.Puntos esenciales de nuestra pol\u00edtica.<\/strong><\/p>\n<p>&nbsp;<\/p>\n<p>En esta pol\u00edtica de privacidad te explicamos cada uno de los servicios que ofrece Internet Rep\u00fablica que requieran el tratamiento de tus datos personales.<\/p>\n<p>&nbsp;<\/p>\n<p>Por tanto, se te informar\u00e1 de:<\/p>\n<ul>\n<li style=\"list-style-type: none;\">\n<ul>\n<li style=\"list-style-type: none;\">\n<ul>\n<li>Las finalidades de tratamiento de tus datos personales o para qu\u00e9 trata Internet Rep\u00fablica tus datos personales.<\/li>\n<\/ul>\n<\/li>\n<li style=\"list-style-type: none;\">\n<ul>\n<li>La base legal que justifica dicho tratamiento para cada finalidad.<\/li>\n<\/ul>\n<\/li>\n<li style=\"list-style-type: none;\">\n<ul>\n<li>Si existiera alguna comunicaci\u00f3n de tus datos a terceros o una transferencia internacional de los mismos. En este sentido, te informamos que no cedemos tus datos a terceros y solamente podr\u00edamos cederlos salvo que exista una obligaci\u00f3n legal (derivada de una petici\u00f3n de las Fuerzas y Cuerpos de Seguridad del Estado o de Juzgados y Tribunales) o salvo que sea indispensable para prestarte un servicio, en cuyo caso, te pediremos consentimiento expreso.<\/li>\n<\/ul>\n<\/li>\n<li style=\"list-style-type: none;\">\n<ul>\n<li>El plazo de conservaci\u00f3n de tus datos que es el necesario para mantener la relaci\u00f3n o para prestarte el servicio o funci\u00f3n que nos hayas solicitado. Por tanto, si no necesitamos tus datos para prestarte ning\u00fan servicio, estos ser\u00e1n bloqueados y solamente ser\u00e1n accesibles por las Autoridades P\u00fablicas en caso de que existieran reclamaciones judiciales, administrativas, fiscales conforme a los plazos que establece cada normativa para ello.<\/li>\n<\/ul>\n<\/li>\n<\/ul>\n<\/li>\n<\/ul>\n<p><strong>3.\u00bfQu\u00e9 informaci\u00f3n recogeremos de ti?<\/strong><\/p>\n<p>&nbsp;<\/p>\n<p>Recabamos informaci\u00f3n sobre ti cuando te o cuando nos contactas mediante los canales habilitados para ello, tales como el formulario de contacto, o bien cuando te suscribes en nuestra newsletter para mantenerte informado de las \u00faltimas novedades, eventos y promociones.<\/p>\n<p>&nbsp;<\/p>\n<p>Cuando contactes con nosotros a trav\u00e9s de dichos canales, solicitaremos tu consentimiento expreso para recabar tu email y\/o tu nombre de usuario.<\/p>\n<p>&nbsp;<\/p>\n<p>Todos los campos que aparezcan se\u00f1alados con un asterisco (*) en los formularios que se te faciliten en los canales ser\u00e1n de obligada cumplimentaci\u00f3n, de tal modo que la omisi\u00f3n de alguno de ellos podr\u00eda comportar la imposibilidad de que se te puedan facilitar los servicios solicitados. Deber\u00e1s proporcionar informaci\u00f3n ver\u00eddica, quedando prohibida la suplantaci\u00f3n de identidad o el uso de alias o nombres an\u00f3nimos.<\/p>\n<p>&nbsp;<\/p>\n<p>No podr\u00e1s, a la hora de facilitar cualesquiera datos que se te puedan pedir en los canales, elegir expresiones injuriosas, coincidentes con marcas, nombres comerciales, nombres o pseud\u00f3nimos de personajes de relevancia p\u00fablica o famosos para cuya utilizaci\u00f3n no est\u00e9s autorizado.<\/p>\n<p>&nbsp;<\/p>\n<p>Es indispensable que resguardes en todo momento tus datos de referencia, contrase\u00f1as y c\u00f3digos de acceso que generes. Ser\u00e1s el \u00fanico responsable en caso del uso, de tu cuenta personal, y en este sentido te comprometes a hacer un uso diligente de dicha informaci\u00f3n, a no ponerla a disposici\u00f3n de terceros, y a comunicarnos, sin dilaci\u00f3n, su p\u00e9rdida o robo.<\/p>\n<p>&nbsp;<\/p>\n<p>Para que la informaci\u00f3n facilitada est\u00e9 siempre actualizada y no contenga errores, deber\u00e1s comunicar a Internet Rep\u00fablica, a la mayor brevedad posible, las modificaciones de tus datos de car\u00e1cter personal que se vayan produciendo a trav\u00e9s de un correo electr\u00f3nico a la direcci\u00f3n que figura <a href=\"mailto:dpo@internetrepublica.com\">aqu\u00ed<\/a>.<\/p>\n<p>&nbsp;<\/p>\n<p>Asimismo, al hacer \u201cclick\u201d en el bot\u00f3n \u201cAcepto\u201d (o equivalente) incorporado en los citados formularios, declaras que la informaci\u00f3n y los datos que en ellos has facilitado son exactos y veraces.<\/p>\n<p>&nbsp;<\/p>\n<p><strong>4.\u00bfC\u00f3mo usaremos tu informaci\u00f3n personal? \u00bfQu\u00e9 servicios te prestamos?<\/strong><\/p>\n<p>&nbsp;<\/p>\n<p>Internet Rep\u00fablica act\u00faa como responsable del tratamiento de datos personales (conforme al art. 4.7, del RGPD) para todas las finalidades.<\/p>\n<p>&nbsp;<\/p>\n<p>Dichas finalidades son:<\/p>\n<p>&nbsp;<\/p>\n<ul>\n<li style=\"list-style-type: none;\">\n<ul>\n<li style=\"list-style-type: none;\">\n<ul>\n<li>Mantenerte informado acerca de los productos y servicios de Internet Rep\u00fablica, as\u00ed como enviarte noticias, avisarte de eventos y del resto de actividades que son de tu inter\u00e9s.<\/li>\n<\/ul>\n<\/li>\n<\/ul>\n<\/li>\n<\/ul>\n<ul>\n<li style=\"list-style-type: none;\">\n<ul>\n<li style=\"list-style-type: none;\">\n<ul>\n<li>Prestarte los servicios que nos hayas requerido y atender tus peticiones de informaci\u00f3n, as\u00ed como facilitarte el ejercicio de tus derechos.<\/li>\n<\/ul>\n<\/li>\n<\/ul>\n<\/li>\n<\/ul>\n<p>&nbsp;<\/p>\n<p>Dado que nuestro objetivo es proteger tu derecho a la protecci\u00f3n de datos y a la privacidad, la base legal para tratar tus datos est\u00e1 amparada siempre en la prestaci\u00f3n, por tu parte de un consentimiento expl\u00edcito, libre e inequ\u00edvoco. En aquellos casos en los que tengamos establecida una relaci\u00f3n comercial contigo, conforme al RGPD, no ser\u00e1 necesario ese consentimiento expreso ya que esa relaci\u00f3n comercial es la base legal del tratamiento.<\/p>\n<p>&nbsp;<\/p>\n<p>No nos basamos en decisiones automatizadas ni en el perfilado de tus datos personales.<\/p>\n<p>&nbsp;<\/p>\n<p><strong>5.Cesi\u00f3n de datos y transferencias internacionales.<\/strong><\/p>\n<p>&nbsp;<\/p>\n<p>En Internet Rep\u00fablica no cedemos tus datos personales a terceros. Sin embargo, s\u00ed que podremos comunicar tus datos a nuestra filial de Miami para poder cumplir con los servicios que nos solicites. En dicho caso, te informamos de que tenemos suscritas las correspondientes cl\u00e1usulas contractuales que el RGPD exige para poder enviar tus datos personales a los pa\u00edses de destino y siempre dentro del \u00e1mbito de la relaci\u00f3n que has solicitado mantener con Internet Rep\u00fablica.<\/p>\n<p>&nbsp;<\/p>\n<p><strong>6.Ejercicio de tus derechos y Delegado de Protecci\u00f3n de Datos.<\/strong><\/p>\n<p>&nbsp;<\/p>\n<p><strong>Te informamos de que podr\u00e1s ejercer los siguientes derechos:<\/strong><\/p>\n<p>&nbsp;<\/p>\n<ol>\n<li>Derecho de acceso a sus datos personales para saber cu\u00e1les est\u00e1n siendo objeto de tratamiento y las operaciones de tratamiento llevadas a cabo con ellos.<\/li>\n<li>Derecho de rectificaci\u00f3n de cualquier dato personal inexacto.<\/li>\n<li>Derecho de supresi\u00f3n de sus datos personales, cuando esto sea posible.<\/li>\n<li>Derecho a solicitar la limitaci\u00f3n del tratamiento de sus datos personales cuando la exactitud, la legalidad o la necesidad del tratamiento de los datos resulte dudosa, en cuyo caso, podremos conservar los datos para el ejercicio o la defensa de reclamaciones.<\/li>\n<li>Derecho de oposici\u00f3n al tratamiento de tus datos personales cuando la base legal que nos habilite para su tratamiento, conforme al apartado 4 anterior, sea el inter\u00e9s leg\u00edtimo.<\/li>\n<li>Derecho a la portabilidad de tus datos, cuando la base legal que nos habilite para su tratamiento de las indicadas en el apartado 4 anterior sea la existencia de una relaci\u00f3n contractual o tu consentimiento.<\/li>\n<li>Derecho a revocar el consentimiento otorgado a Internet Rep\u00fablica.<\/li>\n<\/ol>\n<p>&nbsp;<\/p>\n<p><strong>Podr\u00e1s ejercitar tus derechos en cualquier momento y de forma gratuita de las siguientes formas:<\/strong><\/p>\n<p>&nbsp;<\/p>\n<ol>\n<li>Dirigiendo un correo electr\u00f3nico a la direcci\u00f3n que figura <a href=\"mailto:dpo@internetrepublica.com\">aqu\u00ed<\/a> indicando el derecho que deseas ejercitar y tus datos identificativos.<\/li>\n<li>Dirigiendo una solicitud escrita a la direcci\u00f3n que Calle Alcal\u00e1, 21 \u2013 8\u00ba izquierda, 28014 de Madrid, indicando el derecho que deseas ejercitar y tus datos personales.<\/li>\n<li>Adem\u00e1s, cuando recibas cualquier comunicaci\u00f3n nuestra, clicando en la secci\u00f3n de baja que contendr\u00e1 esa comunicaci\u00f3n, podr\u00e1s darte de baja de todos env\u00edos de comunicaciones comerciales previamente aceptadas.<\/li>\n<\/ol>\n<p>&nbsp;<\/p>\n<p>Asimismo, te informamos de que tienes derecho a presentar una reclamaci\u00f3n ante la Agencia Espa\u00f1ola de Protecci\u00f3n de Datos si consideras que hemos cometido una infracci\u00f3n de la legislaci\u00f3n en materia de protecci\u00f3n de datos respecto al tratamiento de tus datos personales.<\/p>\n<p>&nbsp;<\/p>\n<p><strong>7.Periodos de retenci\u00f3n y Cookies.<\/strong><\/p>\n<p>&nbsp;<\/p>\n<p>S\u00f3lo mantendremos tus datos durante el tiempo que sea necesario para ofrecerte estos servicios. Cualquiera de los datos que nos facilites a trav\u00e9s de los canales ser\u00e1n bloqueados siempre y cuando dejen de ser necesarios para gestionar el servicio y s\u00f3lo estar\u00e1n disponibles en caso de que exista una obligaci\u00f3n legal (derivada de una petici\u00f3n de las Fuerzas y Cuerpos de Seguridad del Estado o de Juzgados y Tribunales) as\u00ed como cuando ejercites tus derechos <a href=\"mailto:dpo@internetrepublica.com\">aqu\u00ed<\/a>.<\/p>\n<p>&nbsp;<\/p>\n<p>En relaci\u00f3n con tus datos personales obtenidos a trav\u00e9s de los canales, Internet Rep\u00fablica utiliza Cookies seg\u00fan la Pol\u00edtica de Cookies que podr\u00e1s consultar <a href=\"https:\/\/internetrepublica.com\/politica-de-cookies\/\">aqu\u00ed<\/a>.<\/p>\n<p>&nbsp;<\/p>\n<p><strong>8.Seguridad y confidencialidad.<\/strong><\/p>\n<p>&nbsp;<\/p>\n<p>Estamos comprometidos con la seguridad de tu informaci\u00f3n. Con el objeto de prevenir accesos no autorizados o la revelaci\u00f3n no autorizada de datos personales, hemos tomado las medidas adecuadas tanto t\u00e9cnicas como f\u00edsicas, as\u00ed como los procesos de gesti\u00f3n para salvaguardar y asegurar la informaci\u00f3n que recabamos de ti.<\/p>\n<p>&nbsp;<\/p>\n<p><strong>9.Menores.<\/strong><\/p>\n<p>&nbsp;<\/p>\n<p>Los menores de 13 a\u00f1os no podr\u00e1n usar los servicios disponibles a trav\u00e9s del Sitio Web sin la previa autorizaci\u00f3n de sus padres, tutores o representantes legales, quienes ser\u00e1n los \u00fanicos responsables de todos los actos realizados a trav\u00e9s del Sitio Web por los menores a su cargo, incluyendo la cumplimentaci\u00f3n de los formularios con los datos personales de dichos menores y la marcaci\u00f3n, en su caso, de las casillas que los acompa\u00f1an. En este sentido, y en la medida en que Internet Rep\u00fablica no tiene capacidad para controlar si los usuarios son o no menores de edad, deber\u00e1n ser los padres y tutores quienes habiliten los mecanismos necesarios para evitar que los menores accedan al Sitio Web y\/o faciliten datos de car\u00e1cter personal sin su supervisi\u00f3n, no admitiendo la Internet Rep\u00fablica responsabilidad alguna al respecto.<\/p>\n<p>&nbsp;<\/p>\n<p><strong>10.Actualizaci\u00f3n de la pol\u00edtica de privacidad.<\/strong><\/p>\n<p>&nbsp;<\/p>\n<p>Hacemos nuestros mejores esfuerzos para mantener nuestra pol\u00edtica de privacidad totalmente actualizada mensualmente. Si hacemos cambios, estos ser\u00e1n claramente identificables de forma clara y espec\u00edfica, conforme se permite en la relaci\u00f3n que hemos establecido contigo (por ejemplo: te podemos comunicar los cambios por email).<\/p>\n<p>&nbsp;<\/p>\n<p>Esta pol\u00edtica de privacidad ha sido revisada y publicada a fecha 24 de mayo de 2018.<\/p>\n<p>&nbsp;<\/p>\n","protected":false},"excerpt":{"rendered":"<p>Identificaci\u00f3n del responsable del tratamiento. Puntos esenciales de nuestra pol\u00edtica. \u00bfQu\u00e9 informaci\u00f3n recogeremos de ti? \u00bfC\u00f3mo usaremos tu informaci\u00f3n personal? \u00bfQu\u00e9 servicios te prestamos? Cesi\u00f3n&#8230;<\/p>\n","protected":false},"author":3,"featured_media":0,"parent":0,"menu_order":0,"comment_status":"closed","ping_status":"closed","template":"","meta":{"content-type":"","inline_featured_image":false,"footnotes":""},"class_list":["post-65611","page","type-page","status-publish","hentry"],"yoast_head":"<!-- This site is optimized with the Yoast SEO plugin v27.2 - https:\/\/yoast.com\/product\/yoast-seo-wordpress\/ -->\n<title>Pol\u00edtica de privacidad - Internet Rep\u00fablica<\/title>\n<meta name=\"description\" content=\"Identificaci\u00f3n del responsable del tratamiento. Puntos esenciales de nuestra pol\u00edtica. \u00bfQu\u00e9 informaci\u00f3n recogeremos de ti? \u00bfC\u00f3mo usaremos tu informaci\u00f3n\" \/>\n<meta name=\"robots\" content=\"index, follow, max-snippet:-1, max-image-preview:large, max-video-preview:-1\" \/>\n<link rel=\"canonical\" href=\"https:\/\/internetrepublica.com\/blog\/politica-privacidad\/\" \/>\n<meta property=\"og:locale\" content=\"es_ES\" \/>\n<meta property=\"og:type\" content=\"article\" \/>\n<meta property=\"og:title\" content=\"Pol\u00edtica de privacidad - Internet Rep\u00fablica\" \/>\n<meta property=\"og:description\" content=\"Identificaci\u00f3n del responsable del tratamiento. Puntos esenciales de nuestra pol\u00edtica. \u00bfQu\u00e9 informaci\u00f3n recogeremos de ti? \u00bfC\u00f3mo usaremos tu informaci\u00f3n\" \/>\n<meta property=\"og:url\" content=\"https:\/\/internetrepublica.com\/blog\/politica-privacidad\/\" \/>\n<meta property=\"og:site_name\" content=\"Internet Rep\u00fablica\" \/>\n<meta property=\"article:modified_time\" content=\"2024-06-04T09:40:16+00:00\" \/>\n<meta property=\"og:image\" content=\"https:\/\/internetrepublica.com\/blog\/wp-content\/uploads\/2022\/05\/destacado.jpg\" \/>\n\t<meta property=\"og:image:width\" content=\"489\" \/>\n\t<meta property=\"og:image:height\" content=\"299\" \/>\n\t<meta property=\"og:image:type\" content=\"image\/jpeg\" \/>\n<meta name=\"twitter:card\" content=\"summary_large_image\" \/>\n<meta name=\"twitter:label1\" content=\"Tiempo de lectura\" \/>\n\t<meta name=\"twitter:data1\" content=\"8 minutos\" \/>\n<script type=\"application\/ld+json\" class=\"yoast-schema-graph\">{\"@context\":\"https:\/\/schema.org\",\"@graph\":[{\"@type\":\"WebPage\",\"@id\":\"https:\/\/internetrepublica.com\/blog\/politica-privacidad\/\",\"url\":\"https:\/\/internetrepublica.com\/blog\/politica-privacidad\/\",\"name\":\"Pol\u00edtica de privacidad - Internet Rep\u00fablica\",\"isPartOf\":{\"@id\":\"https:\/\/internetrepublica.com\/blog\/#website\"},\"datePublished\":\"2018-05-21T15:47:40+00:00\",\"dateModified\":\"2024-06-04T09:40:16+00:00\",\"description\":\"Identificaci\u00f3n del responsable del tratamiento. Puntos esenciales de nuestra pol\u00edtica. \u00bfQu\u00e9 informaci\u00f3n recogeremos de ti? \u00bfC\u00f3mo usaremos tu informaci\u00f3n\",\"breadcrumb\":{\"@id\":\"https:\/\/internetrepublica.com\/blog\/politica-privacidad\/#breadcrumb\"},\"inLanguage\":\"es\",\"potentialAction\":[{\"@type\":\"ReadAction\",\"target\":[\"https:\/\/internetrepublica.com\/blog\/politica-privacidad\/\"]}]},{\"@type\":\"BreadcrumbList\",\"@id\":\"https:\/\/internetrepublica.com\/blog\/politica-privacidad\/#breadcrumb\",\"itemListElement\":[{\"@type\":\"ListItem\",\"position\":1,\"name\":\"Agencia Marketing Digital\",\"item\":\"https:\/\/internetrepublica.com\/blog\/\"},{\"@type\":\"ListItem\",\"position\":2,\"name\":\"Pol\u00edtica de privacidad\",\"item\":\"https:\/\/internetrepublica.com\/blog\/politica-privacidad\/\"}]},{\"@type\":\"WebSite\",\"@id\":\"https:\/\/internetrepublica.com\/blog\/#website\",\"url\":\"https:\/\/internetrepublica.com\/blog\/\",\"name\":\"Internet Rep\u00fablica\",\"description\":\"Agencia SEO y Marketing Digital\",\"potentialAction\":[{\"@type\":\"SearchAction\",\"target\":{\"@type\":\"EntryPoint\",\"urlTemplate\":\"https:\/\/internetrepublica.com\/blog\/?s={search_term_string}\"},\"query-input\":{\"@type\":\"PropertyValueSpecification\",\"valueRequired\":true,\"valueName\":\"search_term_string\"}}],\"inLanguage\":\"es\"}]}<\/script>\n<!-- \/ Yoast SEO plugin. -->","yoast_head_json":{"title":"Pol\u00edtica de privacidad - Internet Rep\u00fablica","description":"Identificaci\u00f3n del responsable del tratamiento. Puntos esenciales de nuestra pol\u00edtica. \u00bfQu\u00e9 informaci\u00f3n recogeremos de ti? \u00bfC\u00f3mo usaremos tu informaci\u00f3n","robots":{"index":"index","follow":"follow","max-snippet":"max-snippet:-1","max-image-preview":"max-image-preview:large","max-video-preview":"max-video-preview:-1"},"canonical":"https:\/\/internetrepublica.com\/blog\/politica-privacidad\/","og_locale":"es_ES","og_type":"article","og_title":"Pol\u00edtica de privacidad - Internet Rep\u00fablica","og_description":"Identificaci\u00f3n del responsable del tratamiento. Puntos esenciales de nuestra pol\u00edtica. \u00bfQu\u00e9 informaci\u00f3n recogeremos de ti? \u00bfC\u00f3mo usaremos tu informaci\u00f3n","og_url":"https:\/\/internetrepublica.com\/blog\/politica-privacidad\/","og_site_name":"Internet Rep\u00fablica","article_modified_time":"2024-06-04T09:40:16+00:00","og_image":[{"width":489,"height":299,"url":"https:\/\/internetrepublica.com\/blog\/wp-content\/uploads\/2022\/05\/destacado.jpg","type":"image\/jpeg"}],"twitter_card":"summary_large_image","twitter_misc":{"Tiempo de lectura":"8 minutos"},"schema":{"@context":"https:\/\/schema.org","@graph":[{"@type":"WebPage","@id":"https:\/\/internetrepublica.com\/blog\/politica-privacidad\/","url":"https:\/\/internetrepublica.com\/blog\/politica-privacidad\/","name":"Pol\u00edtica de privacidad - Internet Rep\u00fablica","isPartOf":{"@id":"https:\/\/internetrepublica.com\/blog\/#website"},"datePublished":"2018-05-21T15:47:40+00:00","dateModified":"2024-06-04T09:40:16+00:00","description":"Identificaci\u00f3n del responsable del tratamiento. Puntos esenciales de nuestra pol\u00edtica. \u00bfQu\u00e9 informaci\u00f3n recogeremos de ti? \u00bfC\u00f3mo usaremos tu informaci\u00f3n","breadcrumb":{"@id":"https:\/\/internetrepublica.com\/blog\/politica-privacidad\/#breadcrumb"},"inLanguage":"es","potentialAction":[{"@type":"ReadAction","target":["https:\/\/internetrepublica.com\/blog\/politica-privacidad\/"]}]},{"@type":"BreadcrumbList","@id":"https:\/\/internetrepublica.com\/blog\/politica-privacidad\/#breadcrumb","itemListElement":[{"@type":"ListItem","position":1,"name":"Agencia Marketing Digital","item":"https:\/\/internetrepublica.com\/blog\/"},{"@type":"ListItem","position":2,"name":"Pol\u00edtica de privacidad","item":"https:\/\/internetrepublica.com\/blog\/politica-privacidad\/"}]},{"@type":"WebSite","@id":"https:\/\/internetrepublica.com\/blog\/#website","url":"https:\/\/internetrepublica.com\/blog\/","name":"Internet Rep\u00fablica","description":"Agencia SEO y Marketing Digital","potentialAction":[{"@type":"SearchAction","target":{"@type":"EntryPoint","urlTemplate":"https:\/\/internetrepublica.com\/blog\/?s={search_term_string}"},"query-input":{"@type":"PropertyValueSpecification","valueRequired":true,"valueName":"search_term_string"}}],"inLanguage":"es"}]}},"_links":{"self":[{"href":"https:\/\/internetrepublica.com\/blog\/wp-json\/wp\/v2\/pages\/65611","targetHints":{"allow":["GET"]}}],"collection":[{"href":"https:\/\/internetrepublica.com\/blog\/wp-json\/wp\/v2\/pages"}],"about":[{"href":"https:\/\/internetrepublica.com\/blog\/wp-json\/wp\/v2\/types\/page"}],"author":[{"embeddable":true,"href":"https:\/\/internetrepublica.com\/blog\/wp-json\/wp\/v2\/users\/3"}],"replies":[{"embeddable":true,"href":"https:\/\/internetrepublica.com\/blog\/wp-json\/wp\/v2\/comments?post=65611"}],"version-history":[{"count":17,"href":"https:\/\/internetrepublica.com\/blog\/wp-json\/wp\/v2\/pages\/65611\/revisions"}],"predecessor-version":[{"id":74817,"href":"https:\/\/internetrepublica.com\/blog\/wp-json\/wp\/v2\/pages\/65611\/revisions\/74817"}],"wp:attachment":[{"href":"https:\/\/internetrepublica.com\/blog\/wp-json\/wp\/v2\/media?parent=65611"}],"curies":[{"name":"wp","href":"https:\/\/api.w.org\/{rel}","templated":true}]}}