{"id":63002,"date":"2017-01-18T09:42:52","date_gmt":"2017-01-18T08:42:52","guid":{"rendered":"https:\/\/internetrepublica.com\/?page_id=63002\/"},"modified":"2024-11-28T15:55:54","modified_gmt":"2024-11-28T14:55:54","slug":"socialpubli","status":"publish","type":"page","link":"https:\/\/internetrepublica.com\/blog\/socialpubli\/","title":{"rendered":"Socialpubli"},"content":{"rendered":"<div class=\"wpb-content-wrapper\"><p>[vc_row css_animation=&#8221;&#8221; row_type=&#8221;row&#8221; use_row_as_full_screen_section=&#8221;no&#8221; type=&#8221;full_width&#8221; angled_section=&#8221;no&#8221; text_align=&#8221;left&#8221; background_image_as_pattern=&#8221;without_pattern&#8221; box_shadow_on_row=&#8221;no&#8221;][vc_column width=&#8221;1\/6&#8243;][\/vc_column][vc_column width=&#8221;1\/3&#8243; css=&#8221;.vc_custom_1468568287572{margin-top: 50px !important;}&#8221;][vc_column_text css=&#8221;.vc_custom_1485345569168{margin-bottom: 50px !important;}&#8221; el_class=&#8221;title-sr&#8221;]<\/p>\n<h2><span style=\"color: #e5b136; margin-bottom: 24px;\">\u00bfQu\u00e9 es Socialpubli?<\/span><\/h2>\n<p>[\/vc_column_text][vc_column_text]<\/p>\n<p>Es una herramienta Social que pone en contacto a empresas (anunciantes) con personas y medios, influyentes en y de su propio entorno, \u00abinfluencers\u00bb que no son \u00abcelebrities\u00bb ni \u00abVIP\u00bb, que son los amigos, familiares\u2026 los prescriptores a los que \u00abescuchamos\u00bb.<\/p>\n<p>&nbsp;<\/p>\n<p>La plataforma permite a las marcas crear campa\u00f1as segmentadas, buscando la m\u00e1xima afinidad y los \u00abinfluencers\u00bb se sienten contentos por trasmitir un mensaje, en su propio estilo y por el que adem\u00e1s van a recibir una compensaci\u00f3n econ\u00f3mica.<\/p>\n<p>[\/vc_column_text][vc_column_text css=&#8221;.vc_custom_1485428485541{margin-top: 40px !important;padding-top: 10px !important;padding-bottom: 10px !important;background-color: #e5b136 !important;}&#8221;]<\/p>\n<h3 style=\"text-align: center;\"><a href=\"https:\/\/socialpubli.com\/\"><span style=\"color: #ffffff;\">Vis\u00edtanos<\/span><\/a><\/h3>\n<p>[\/vc_column_text][\/vc_column][vc_column width=&#8221;1\/2&#8243; css=&#8221;.vc_custom_1732805508846{background-position: center !important;background-repeat: no-repeat !important;background-size: cover !important;}&#8221; el_class=&#8221;sp-img&#8221;][vc_single_image image=&#8221;75919&#8243; img_size=&#8221;full&#8221; alignment=&#8221;center&#8221; css=&#8221;&#8221; qode_css_animation=&#8221;&#8221;][\/vc_column][\/vc_row][vc_row css_animation=&#8221;&#8221; row_type=&#8221;row&#8221; use_row_as_full_screen_section=&#8221;no&#8221; type=&#8221;grid&#8221; angled_section=&#8221;no&#8221; text_align=&#8221;left&#8221; background_image_as_pattern=&#8221;without_pattern&#8221; box_shadow_on_row=&#8221;no&#8221;][vc_column css=&#8221;.vc_custom_1484740123675{margin-top: 60px !important;padding-bottom: 20px !important;}&#8221;][vc_column_text]<\/p>\n<h2 style=\"margin-bottom: 30px;\"><span style=\"color: #e5b136; font-size: 59px;\">\u00bfQu\u00e9 hacemos?<\/span><\/h2>\n<p>Segmentando las campa\u00f1as por afinidad\/intereses, sexo ,zona geogr\u00e1fica y edad, lo que permite llegar al <strong>\u201cTarget Group\u201d<\/strong> de la manera m\u00e1s efectiva y eficaz.[\/vc_column_text][\/vc_column][\/vc_row][vc_row css_animation=&#8221;&#8221; row_type=&#8221;row&#8221; use_row_as_full_screen_section=&#8221;no&#8221; type=&#8221;grid&#8221; angled_section=&#8221;no&#8221; text_align=&#8221;left&#8221; background_image_as_pattern=&#8221;without_pattern&#8221; box_shadow_on_row=&#8221;no&#8221;][vc_column width=&#8221;1\/2&#8243;][vc_single_image image=&#8221;63013&#8243; alignment=&#8221;center&#8221; css=&#8221;.vc_custom_1484736135303{padding-top: 20px !important;padding-right: 20px !important;padding-bottom: 20px !important;padding-left: 20px !important;}&#8221; qode_css_animation=&#8221;&#8221;][vc_column_text]<\/p>\n<h4 style=\"text-align: center; color: #e5b136;\">Afinidad\/Intereses<\/h4>\n<p>Se seleccionan aquellos \u00abinfluencers\u00bb que por afinidad e intereses puedan divulgar el mensaje de la marca, de la manera m\u00e1s natural y convincente.<br \/>\nSocialPubli segmenta en 31 categor\u00edas.[\/vc_column_text][\/vc_column][vc_column width=&#8221;1\/2&#8243;][vc_single_image image=&#8221;63017&#8243; alignment=&#8221;center&#8221; css=&#8221;.vc_custom_1484736346698{padding-top: 20px !important;padding-right: 20px !important;padding-bottom: 20px !important;padding-left: 20px !important;}&#8221; qode_css_animation=&#8221;&#8221;][vc_column_text]<\/p>\n<h4 style=\"text-align: center; color: #e5b136;\">Edad<\/h4>\n<p>Esta segmentaci\u00f3n viene dada por la edad del \u00abinfluencer\u00bb lo que significa que una gran parte de sus seguidores, estar\u00e1n en el mismo rango.[\/vc_column_text][\/vc_column][\/vc_row][vc_row css_animation=&#8221;&#8221; row_type=&#8221;row&#8221; use_row_as_full_screen_section=&#8221;no&#8221; type=&#8221;grid&#8221; angled_section=&#8221;no&#8221; text_align=&#8221;left&#8221; background_image_as_pattern=&#8221;without_pattern&#8221; box_shadow_on_row=&#8221;no&#8221;][vc_column width=&#8221;1\/2&#8243;][vc_single_image image=&#8221;63020&#8243; alignment=&#8221;center&#8221; css=&#8221;.vc_custom_1484736479230{padding-top: 20px !important;padding-right: 20px !important;padding-bottom: 20px !important;padding-left: 20px !important;}&#8221; qode_css_animation=&#8221;&#8221;][vc_column_text]<\/p>\n<h4 style=\"text-align: center; color: #e5b136;\">Sexo<\/h4>\n<p>Nos permite segmentar campa\u00f1as por sexo, medios y personajes. Muchas veces existen perfiles creados como un \u00abpersonaje\u00bb que contribuyen y amplifican el mensaje de una marca con mayor rapidez.[\/vc_column_text][\/vc_column][vc_column width=&#8221;1\/2&#8243;][vc_single_image image=&#8221;63021&#8243; alignment=&#8221;center&#8221; css=&#8221;.vc_custom_1484736531752{padding-top: 20px !important;padding-right: 20px !important;padding-bottom: 20px !important;padding-left: 20px !important;}&#8221; qode_css_animation=&#8221;&#8221;][vc_column_text]<\/p>\n<h4 style=\"text-align: center; color: #e5b136;\">Zona geogr\u00e1fica<\/h4>\n<p>Podemos escoger el pa\u00eds y la ciudad del \u00abinfluencer\u00bb, algo que permite llegar a la zona de influencia donde quieras realizar la campa\u00f1a.[\/vc_column_text][\/vc_column][\/vc_row][vc_row css_animation=&#8221;&#8221; row_type=&#8221;row&#8221; use_row_as_full_screen_section=&#8221;no&#8221; type=&#8221;grid&#8221; angled_section=&#8221;no&#8221; text_align=&#8221;left&#8221; background_image_as_pattern=&#8221;without_pattern&#8221; box_shadow_on_row=&#8221;no&#8221;][vc_column css=&#8221;.vc_custom_1484904704968{margin-top: 60px !important;margin-bottom: 30px !important;}&#8221;][vc_single_image image=&#8221;69777&#8243; img_size=&#8221;medium&#8221; alignment=&#8221;center&#8221; onclick=&#8221;custom_link&#8221; img_link_target=&#8221;_blank&#8221; qode_css_animation=&#8221;&#8221; link=&#8221;https:\/\/socialpubli.com&#8221;][\/vc_column][\/vc_row]<\/p>\n<\/div>","protected":false},"excerpt":{"rendered":"<p>[vc_row css_animation=&#8221;&#8221; row_type=&#8221;row&#8221; use_row_as_full_screen_section=&#8221;no&#8221; type=&#8221;full_width&#8221; angled_section=&#8221;no&#8221; text_align=&#8221;left&#8221; background_image_as_pattern=&#8221;without_pattern&#8221; box_shadow_on_row=&#8221;no&#8221;][vc_column width=&#8221;1\/6&#8243;][\/vc_column][vc_column width=&#8221;1\/3&#8243; css=&#8221;.vc_custom_1468568287572{margin-top: 50px !important;}&#8221;][vc_column_text css=&#8221;.vc_custom_1485345569168{margin-bottom: 50px !important;}&#8221; el_class=&#8221;title-sr&#8221;] \u00bfQu\u00e9 es Socialpubli? [\/vc_column_text][vc_column_text] Es una herramienta&#8230;<\/p>\n","protected":false},"author":1,"featured_media":0,"parent":0,"menu_order":0,"comment_status":"closed","ping_status":"closed","template":"full_width.php","meta":{"content-type":"","inline_featured_image":false,"footnotes":""},"class_list":["post-63002","page","type-page","status-publish","hentry"],"yoast_head":"<!-- This site is optimized with the Yoast SEO plugin v27.2 - https:\/\/yoast.com\/product\/yoast-seo-wordpress\/ -->\n<title>SocialPubli: uniendo influencers y marcas - Internet Rep\u00fablica<\/title>\n<meta name=\"description\" content=\"Internet Rep\u00fablica te trae SocialPubli, una herramienta que pone en contacto tu marca con influencers relevantes de tu sector. \u00a1Inf\u00f3rmate ya!\" \/>\n<meta name=\"robots\" content=\"index, follow, max-snippet:-1, max-image-preview:large, max-video-preview:-1\" \/>\n<link rel=\"canonical\" href=\"https:\/\/internetrepublica.com\/blog\/socialpubli\/\" \/>\n<meta property=\"og:locale\" content=\"es_ES\" \/>\n<meta property=\"og:type\" content=\"article\" \/>\n<meta property=\"og:title\" content=\"SocialPubli: uniendo influencers y marcas - Internet Rep\u00fablica\" \/>\n<meta property=\"og:description\" content=\"Internet Rep\u00fablica te trae SocialPubli, una herramienta que pone en contacto tu marca con influencers relevantes de tu sector. \u00a1Inf\u00f3rmate ya!\" \/>\n<meta property=\"og:url\" content=\"https:\/\/internetrepublica.com\/blog\/socialpubli\/\" \/>\n<meta property=\"og:site_name\" content=\"Internet Rep\u00fablica\" \/>\n<meta property=\"article:modified_time\" content=\"2024-11-28T14:55:54+00:00\" \/>\n<meta property=\"og:image\" content=\"https:\/\/internetrepublica.com\/blog\/wp-content\/uploads\/2022\/05\/destacado.jpg\" \/>\n\t<meta property=\"og:image:width\" content=\"489\" \/>\n\t<meta property=\"og:image:height\" content=\"299\" \/>\n\t<meta property=\"og:image:type\" content=\"image\/jpeg\" \/>\n<meta name=\"twitter:card\" content=\"summary_large_image\" \/>\n<meta name=\"twitter:label1\" content=\"Tiempo de lectura\" \/>\n\t<meta name=\"twitter:data1\" content=\"3 minutos\" \/>\n<script type=\"application\/ld+json\" class=\"yoast-schema-graph\">{\"@context\":\"https:\/\/schema.org\",\"@graph\":[{\"@type\":\"WebPage\",\"@id\":\"https:\/\/internetrepublica.com\/blog\/socialpubli\/\",\"url\":\"https:\/\/internetrepublica.com\/blog\/socialpubli\/\",\"name\":\"SocialPubli: uniendo influencers y marcas - Internet Rep\u00fablica\",\"isPartOf\":{\"@id\":\"https:\/\/internetrepublica.com\/blog\/#website\"},\"datePublished\":\"2017-01-18T08:42:52+00:00\",\"dateModified\":\"2024-11-28T14:55:54+00:00\",\"description\":\"Internet Rep\u00fablica te trae SocialPubli, una herramienta que pone en contacto tu marca con influencers relevantes de tu sector. \u00a1Inf\u00f3rmate ya!\",\"breadcrumb\":{\"@id\":\"https:\/\/internetrepublica.com\/blog\/socialpubli\/#breadcrumb\"},\"inLanguage\":\"es\",\"potentialAction\":[{\"@type\":\"ReadAction\",\"target\":[\"https:\/\/internetrepublica.com\/blog\/socialpubli\/\"]}]},{\"@type\":\"BreadcrumbList\",\"@id\":\"https:\/\/internetrepublica.com\/blog\/socialpubli\/#breadcrumb\",\"itemListElement\":[{\"@type\":\"ListItem\",\"position\":1,\"name\":\"Agencia Marketing Digital\",\"item\":\"https:\/\/internetrepublica.com\/blog\/\"},{\"@type\":\"ListItem\",\"position\":2,\"name\":\"Socialpubli\",\"item\":\"https:\/\/internetrepublica.com\/blog\/socialpubli\/\"}]},{\"@type\":\"WebSite\",\"@id\":\"https:\/\/internetrepublica.com\/blog\/#website\",\"url\":\"https:\/\/internetrepublica.com\/blog\/\",\"name\":\"Internet Rep\u00fablica\",\"description\":\"Agencia SEO y Marketing Digital\",\"potentialAction\":[{\"@type\":\"SearchAction\",\"target\":{\"@type\":\"EntryPoint\",\"urlTemplate\":\"https:\/\/internetrepublica.com\/blog\/?s={search_term_string}\"},\"query-input\":{\"@type\":\"PropertyValueSpecification\",\"valueRequired\":true,\"valueName\":\"search_term_string\"}}],\"inLanguage\":\"es\"}]}<\/script>\n<!-- \/ Yoast SEO plugin. -->","yoast_head_json":{"title":"SocialPubli: uniendo influencers y marcas - Internet Rep\u00fablica","description":"Internet Rep\u00fablica te trae SocialPubli, una herramienta que pone en contacto tu marca con influencers relevantes de tu sector. \u00a1Inf\u00f3rmate ya!","robots":{"index":"index","follow":"follow","max-snippet":"max-snippet:-1","max-image-preview":"max-image-preview:large","max-video-preview":"max-video-preview:-1"},"canonical":"https:\/\/internetrepublica.com\/blog\/socialpubli\/","og_locale":"es_ES","og_type":"article","og_title":"SocialPubli: uniendo influencers y marcas - Internet Rep\u00fablica","og_description":"Internet Rep\u00fablica te trae SocialPubli, una herramienta que pone en contacto tu marca con influencers relevantes de tu sector. \u00a1Inf\u00f3rmate ya!","og_url":"https:\/\/internetrepublica.com\/blog\/socialpubli\/","og_site_name":"Internet Rep\u00fablica","article_modified_time":"2024-11-28T14:55:54+00:00","og_image":[{"width":489,"height":299,"url":"https:\/\/internetrepublica.com\/blog\/wp-content\/uploads\/2022\/05\/destacado.jpg","type":"image\/jpeg"}],"twitter_card":"summary_large_image","twitter_misc":{"Tiempo de lectura":"3 minutos"},"schema":{"@context":"https:\/\/schema.org","@graph":[{"@type":"WebPage","@id":"https:\/\/internetrepublica.com\/blog\/socialpubli\/","url":"https:\/\/internetrepublica.com\/blog\/socialpubli\/","name":"SocialPubli: uniendo influencers y marcas - Internet Rep\u00fablica","isPartOf":{"@id":"https:\/\/internetrepublica.com\/blog\/#website"},"datePublished":"2017-01-18T08:42:52+00:00","dateModified":"2024-11-28T14:55:54+00:00","description":"Internet Rep\u00fablica te trae SocialPubli, una herramienta que pone en contacto tu marca con influencers relevantes de tu sector. \u00a1Inf\u00f3rmate ya!","breadcrumb":{"@id":"https:\/\/internetrepublica.com\/blog\/socialpubli\/#breadcrumb"},"inLanguage":"es","potentialAction":[{"@type":"ReadAction","target":["https:\/\/internetrepublica.com\/blog\/socialpubli\/"]}]},{"@type":"BreadcrumbList","@id":"https:\/\/internetrepublica.com\/blog\/socialpubli\/#breadcrumb","itemListElement":[{"@type":"ListItem","position":1,"name":"Agencia Marketing Digital","item":"https:\/\/internetrepublica.com\/blog\/"},{"@type":"ListItem","position":2,"name":"Socialpubli","item":"https:\/\/internetrepublica.com\/blog\/socialpubli\/"}]},{"@type":"WebSite","@id":"https:\/\/internetrepublica.com\/blog\/#website","url":"https:\/\/internetrepublica.com\/blog\/","name":"Internet Rep\u00fablica","description":"Agencia SEO y Marketing Digital","potentialAction":[{"@type":"SearchAction","target":{"@type":"EntryPoint","urlTemplate":"https:\/\/internetrepublica.com\/blog\/?s={search_term_string}"},"query-input":{"@type":"PropertyValueSpecification","valueRequired":true,"valueName":"search_term_string"}}],"inLanguage":"es"}]}},"_links":{"self":[{"href":"https:\/\/internetrepublica.com\/blog\/wp-json\/wp\/v2\/pages\/63002","targetHints":{"allow":["GET"]}}],"collection":[{"href":"https:\/\/internetrepublica.com\/blog\/wp-json\/wp\/v2\/pages"}],"about":[{"href":"https:\/\/internetrepublica.com\/blog\/wp-json\/wp\/v2\/types\/page"}],"author":[{"embeddable":true,"href":"https:\/\/internetrepublica.com\/blog\/wp-json\/wp\/v2\/users\/1"}],"replies":[{"embeddable":true,"href":"https:\/\/internetrepublica.com\/blog\/wp-json\/wp\/v2\/comments?post=63002"}],"version-history":[{"count":67,"href":"https:\/\/internetrepublica.com\/blog\/wp-json\/wp\/v2\/pages\/63002\/revisions"}],"predecessor-version":[{"id":75923,"href":"https:\/\/internetrepublica.com\/blog\/wp-json\/wp\/v2\/pages\/63002\/revisions\/75923"}],"wp:attachment":[{"href":"https:\/\/internetrepublica.com\/blog\/wp-json\/wp\/v2\/media?parent=63002"}],"curies":[{"name":"wp","href":"https:\/\/api.w.org\/{rel}","templated":true}]}}