{"id":61941,"date":"2016-11-22T13:48:02","date_gmt":"2016-11-22T12:48:02","guid":{"rendered":"http:\/\/149.202.12.85\/?page_id=61941"},"modified":"2020-09-28T11:51:17","modified_gmt":"2020-09-28T09:51:17","slug":"ismael-el-qudsi-2","status":"publish","type":"page","link":"https:\/\/internetrepublica.com\/blog\/ismael-el-qudsi-2\/","title":{"rendered":"Ismael El-Qudsi"},"content":{"rendered":"<div class=\"wpb-content-wrapper\"><p>[vc_row css_animation=&#8221;&#8221; row_type=&#8221;row&#8221; use_row_as_full_screen_section=&#8221;no&#8221; type=&#8221;full_width&#8221; angled_section=&#8221;no&#8221; text_align=&#8221;left&#8221; background_image_as_pattern=&#8221;without_pattern&#8221; box_shadow_on_row=&#8221;no&#8221;][vc_column width=&#8221;1\/2&#8243; css=&#8221;.vc_custom_1483974355076{background-image: url(https:\/\/internetrepublica.com\/wp-content\/uploads\/2016\/11\/ismael.jpg?id=61984) !important;background-position: center !important;background-repeat: no-repeat !important;background-size: cover !important;}&#8221; el_class=&#8221;ismael-img&#8221;][\/vc_column][vc_column width=&#8221;1\/2&#8243; css=&#8221;.vc_custom_1479890683586{margin-bottom: 50px !important;margin-left: 30px !important;}&#8221;][vc_column_text]Es, desde noviembre de 2011, CEO de Internet Rep\u00fablica, agencia especializada en Social Media, SEO y marketing online.<\/p>\n<p>Los tres a\u00f1os previos a la fundaci\u00f3n de Internet Rep\u00fablica,\u00a0<a title=\"Perfil en Linkedin\" href=\"https:\/\/www.linkedin.com\/in\/elqudsi\/\" target=\"_blank\" rel=\"noopener noreferrer\">Ismael El-Qudsi<\/a>\u00a0desempe\u00f1\u00f3 el cargo de Head of SEO y Social Media, dentro del \u00e1rea digital del grupo Havas.\u00a0<strong>De formaci\u00f3n ingeniero inform\u00e1tico de gesti\u00f3n, su trayectoria profesional ha estado vinculada siempre a Internet. Anteriormente, fue responsable en Espa\u00f1a de Bing, el buscador web de Microsoft,<\/strong>\u00a0y jefe de proyecto de numerosos portales web en TPI (P\u00e1ginas Amarillas), incluido el buscador espa\u00f1ol Noxtrum.<\/p>\n<p>Ismael es\u00a0<strong>profesor en el Master Internet Business (MIB), ESIC e Instituto de Empresa. Adem\u00e1s, da clases de marketing online en la plataforma latinoamericana Mejorando la Web<\/strong>\u00a0y ha sido profesor invitado en\u00a0la Universidad de Santo Domingo. \u00c9l mismo est\u00e1 ampliando sus conocimientos continuamente y ha sido alumno del\u00a0International Digital Business Seminar (ISDI) en la Universidad de\u00a0Harvard.<\/p>\n<p>Ponente habitual en eventos relacionados con el marketing en Internet y buscadores, como Search Congress, OME, EventoBlog Espa\u00f1a (EBE) y Dominicana (EBE Dominicana), SMX, etc.,\u00a0es tambi\u00e9n socio fundador de la Asociaci\u00f3n de Inversores y Emprendedores de Internet\u00a0<a href=\"http:\/\/www.aiei.es\/\">(AIEI)<\/a>\u00a0y organiza uno de los eventos m\u00e1s importantes del sector en Espa\u00f1a: Internet Es Tuyo.<\/p>\n<p>Considerado un referente en \u00e1reas del marketing online, SEO y Social Media, en su blog personal (<a href=\"http:\/\/www.elqudsi.com\/\">www.elqudsi.com<\/a>) escribe principalmente sobre tecnolog\u00eda, redes sociales, marketing e Internet, y en Twitter, como\u00a0<a href=\"http:\/\/www.twitter.com\/elqudsi\">@elqudsi<\/a>.[\/vc_column_text][\/vc_column][\/vc_row]<\/p>\n<\/div>","protected":false},"excerpt":{"rendered":"<p>[vc_row css_animation=&#8221;&#8221; row_type=&#8221;row&#8221; use_row_as_full_screen_section=&#8221;no&#8221; type=&#8221;full_width&#8221; angled_section=&#8221;no&#8221; text_align=&#8221;left&#8221; background_image_as_pattern=&#8221;without_pattern&#8221; box_shadow_on_row=&#8221;no&#8221;][vc_column width=&#8221;1\/2&#8243; css=&#8221;.vc_custom_1483974355076{background-image: url(https:\/\/internetrepublica.com\/wp-content\/uploads\/2016\/11\/ismael.jpg?id=61984) !important;background-position: center !important;background-repeat: no-repeat !important;background-size: cover !important;}&#8221; el_class=&#8221;ismael-img&#8221;][\/vc_column][vc_column width=&#8221;1\/2&#8243; css=&#8221;.vc_custom_1479890683586{margin-bottom: 50px !important;margin-left: 30px&#8230;<\/p>\n","protected":false},"author":1,"featured_media":0,"parent":0,"menu_order":0,"comment_status":"closed","ping_status":"closed","template":"","meta":{"content-type":"","inline_featured_image":false,"footnotes":""},"class_list":["post-61941","page","type-page","status-publish","hentry"],"yoast_head":"<!-- This site is optimized with the Yoast SEO plugin v27.2 - https:\/\/yoast.com\/product\/yoast-seo-wordpress\/ -->\n<title>Ismael El-Qudsi - Internet Rep\u00fablica<\/title>\n<meta name=\"description\" content=\"Es, desde noviembre de 2011, CEO de Internet Rep\u00fablica, agencia especializada en Social Media, SEO y marketing online. Los tres a\u00f1os previos a la\" \/>\n<meta name=\"robots\" content=\"index, follow, max-snippet:-1, max-image-preview:large, max-video-preview:-1\" \/>\n<link rel=\"canonical\" href=\"https:\/\/internetrepublica.com\/blog\/ismael-el-qudsi-2\/\" \/>\n<meta property=\"og:locale\" content=\"es_ES\" \/>\n<meta property=\"og:type\" content=\"article\" \/>\n<meta property=\"og:title\" content=\"Ismael El-Qudsi - Internet Rep\u00fablica\" \/>\n<meta property=\"og:description\" content=\"Es, desde noviembre de 2011, CEO de Internet Rep\u00fablica, agencia especializada en Social Media, SEO y marketing online. Los tres a\u00f1os previos a la\" \/>\n<meta property=\"og:url\" content=\"https:\/\/internetrepublica.com\/blog\/ismael-el-qudsi-2\/\" \/>\n<meta property=\"og:site_name\" content=\"Internet Rep\u00fablica\" \/>\n<meta property=\"article:modified_time\" content=\"2020-09-28T09:51:17+00:00\" \/>\n<meta property=\"og:image\" content=\"https:\/\/internetrepublica.com\/blog\/wp-content\/uploads\/2022\/05\/destacado.jpg\" \/>\n\t<meta property=\"og:image:width\" content=\"489\" \/>\n\t<meta property=\"og:image:height\" content=\"299\" \/>\n\t<meta property=\"og:image:type\" content=\"image\/jpeg\" \/>\n<meta name=\"twitter:card\" content=\"summary_large_image\" \/>\n<meta name=\"twitter:label1\" content=\"Tiempo de lectura\" \/>\n\t<meta name=\"twitter:data1\" content=\"2 minutos\" \/>\n<script type=\"application\/ld+json\" class=\"yoast-schema-graph\">{\"@context\":\"https:\/\/schema.org\",\"@graph\":[{\"@type\":\"WebPage\",\"@id\":\"https:\/\/internetrepublica.com\/blog\/ismael-el-qudsi-2\/\",\"url\":\"https:\/\/internetrepublica.com\/blog\/ismael-el-qudsi-2\/\",\"name\":\"Ismael El-Qudsi - Internet Rep\u00fablica\",\"isPartOf\":{\"@id\":\"https:\/\/internetrepublica.com\/blog\/#website\"},\"datePublished\":\"2016-11-22T12:48:02+00:00\",\"dateModified\":\"2020-09-28T09:51:17+00:00\",\"description\":\"Es, desde noviembre de 2011, CEO de Internet Rep\u00fablica, agencia especializada en Social Media, SEO y marketing online. Los tres a\u00f1os previos a la\",\"breadcrumb\":{\"@id\":\"https:\/\/internetrepublica.com\/blog\/ismael-el-qudsi-2\/#breadcrumb\"},\"inLanguage\":\"es\",\"potentialAction\":[{\"@type\":\"ReadAction\",\"target\":[\"https:\/\/internetrepublica.com\/blog\/ismael-el-qudsi-2\/\"]}]},{\"@type\":\"BreadcrumbList\",\"@id\":\"https:\/\/internetrepublica.com\/blog\/ismael-el-qudsi-2\/#breadcrumb\",\"itemListElement\":[{\"@type\":\"ListItem\",\"position\":1,\"name\":\"Agencia Marketing Digital\",\"item\":\"https:\/\/internetrepublica.com\/blog\/\"},{\"@type\":\"ListItem\",\"position\":2,\"name\":\"Ismael El-Qudsi\",\"item\":\"https:\/\/internetrepublica.com\/blog\/ismael-el-qudsi-2\/\"}]},{\"@type\":\"WebSite\",\"@id\":\"https:\/\/internetrepublica.com\/blog\/#website\",\"url\":\"https:\/\/internetrepublica.com\/blog\/\",\"name\":\"Internet Rep\u00fablica\",\"description\":\"Agencia SEO y Marketing Digital\",\"potentialAction\":[{\"@type\":\"SearchAction\",\"target\":{\"@type\":\"EntryPoint\",\"urlTemplate\":\"https:\/\/internetrepublica.com\/blog\/?s={search_term_string}\"},\"query-input\":{\"@type\":\"PropertyValueSpecification\",\"valueRequired\":true,\"valueName\":\"search_term_string\"}}],\"inLanguage\":\"es\"}]}<\/script>\n<!-- \/ Yoast SEO plugin. -->","yoast_head_json":{"title":"Ismael El-Qudsi - Internet Rep\u00fablica","description":"Es, desde noviembre de 2011, CEO de Internet Rep\u00fablica, agencia especializada en Social Media, SEO y marketing online. Los tres a\u00f1os previos a la","robots":{"index":"index","follow":"follow","max-snippet":"max-snippet:-1","max-image-preview":"max-image-preview:large","max-video-preview":"max-video-preview:-1"},"canonical":"https:\/\/internetrepublica.com\/blog\/ismael-el-qudsi-2\/","og_locale":"es_ES","og_type":"article","og_title":"Ismael El-Qudsi - Internet Rep\u00fablica","og_description":"Es, desde noviembre de 2011, CEO de Internet Rep\u00fablica, agencia especializada en Social Media, SEO y marketing online. Los tres a\u00f1os previos a la","og_url":"https:\/\/internetrepublica.com\/blog\/ismael-el-qudsi-2\/","og_site_name":"Internet Rep\u00fablica","article_modified_time":"2020-09-28T09:51:17+00:00","og_image":[{"width":489,"height":299,"url":"https:\/\/internetrepublica.com\/blog\/wp-content\/uploads\/2022\/05\/destacado.jpg","type":"image\/jpeg"}],"twitter_card":"summary_large_image","twitter_misc":{"Tiempo de lectura":"2 minutos"},"schema":{"@context":"https:\/\/schema.org","@graph":[{"@type":"WebPage","@id":"https:\/\/internetrepublica.com\/blog\/ismael-el-qudsi-2\/","url":"https:\/\/internetrepublica.com\/blog\/ismael-el-qudsi-2\/","name":"Ismael El-Qudsi - Internet Rep\u00fablica","isPartOf":{"@id":"https:\/\/internetrepublica.com\/blog\/#website"},"datePublished":"2016-11-22T12:48:02+00:00","dateModified":"2020-09-28T09:51:17+00:00","description":"Es, desde noviembre de 2011, CEO de Internet Rep\u00fablica, agencia especializada en Social Media, SEO y marketing online. Los tres a\u00f1os previos a la","breadcrumb":{"@id":"https:\/\/internetrepublica.com\/blog\/ismael-el-qudsi-2\/#breadcrumb"},"inLanguage":"es","potentialAction":[{"@type":"ReadAction","target":["https:\/\/internetrepublica.com\/blog\/ismael-el-qudsi-2\/"]}]},{"@type":"BreadcrumbList","@id":"https:\/\/internetrepublica.com\/blog\/ismael-el-qudsi-2\/#breadcrumb","itemListElement":[{"@type":"ListItem","position":1,"name":"Agencia Marketing Digital","item":"https:\/\/internetrepublica.com\/blog\/"},{"@type":"ListItem","position":2,"name":"Ismael El-Qudsi","item":"https:\/\/internetrepublica.com\/blog\/ismael-el-qudsi-2\/"}]},{"@type":"WebSite","@id":"https:\/\/internetrepublica.com\/blog\/#website","url":"https:\/\/internetrepublica.com\/blog\/","name":"Internet Rep\u00fablica","description":"Agencia SEO y Marketing Digital","potentialAction":[{"@type":"SearchAction","target":{"@type":"EntryPoint","urlTemplate":"https:\/\/internetrepublica.com\/blog\/?s={search_term_string}"},"query-input":{"@type":"PropertyValueSpecification","valueRequired":true,"valueName":"search_term_string"}}],"inLanguage":"es"}]}},"_links":{"self":[{"href":"https:\/\/internetrepublica.com\/blog\/wp-json\/wp\/v2\/pages\/61941","targetHints":{"allow":["GET"]}}],"collection":[{"href":"https:\/\/internetrepublica.com\/blog\/wp-json\/wp\/v2\/pages"}],"about":[{"href":"https:\/\/internetrepublica.com\/blog\/wp-json\/wp\/v2\/types\/page"}],"author":[{"embeddable":true,"href":"https:\/\/internetrepublica.com\/blog\/wp-json\/wp\/v2\/users\/1"}],"replies":[{"embeddable":true,"href":"https:\/\/internetrepublica.com\/blog\/wp-json\/wp\/v2\/comments?post=61941"}],"version-history":[{"count":17,"href":"https:\/\/internetrepublica.com\/blog\/wp-json\/wp\/v2\/pages\/61941\/revisions"}],"predecessor-version":[{"id":61944,"href":"https:\/\/internetrepublica.com\/blog\/wp-json\/wp\/v2\/pages\/61941\/revisions\/61944"}],"wp:attachment":[{"href":"https:\/\/internetrepublica.com\/blog\/wp-json\/wp\/v2\/media?parent=61941"}],"curies":[{"name":"wp","href":"https:\/\/api.w.org\/{rel}","templated":true}]}}